 multiple of 18?
True
Is 22 a factor of 2400?
False
Is 9 a factor of 189?
True
Does 57 divide 285?
True
Does 198 divide 68593?
False
Is 48 a factor of 729?
False
Is 1027 a multiple of 9?
False
Does 44 divide 1804?
True
Does 16 divide 1936?
True
Is 5 a factor of 1130?
True
Is 1450 a multiple of 10?
True
Does 7 divide 2737?
True
Does 11 divide 54337?
False
Is 72 a factor of 288?
True
Is 8032 a multiple of 71?
False
Does 89 divide 1335?
True
Does 19 divide 13832?
True
Is 2145 a multiple of 5?
True
Is 5194 a multiple of 15?
False
Is 38 a factor of 1102?
True
Is 2577 a multiple of 87?
False
Is 7 a factor of 577?
False
Does 44 divide 926?
False
Does 77 divide 3234?
True
Does 12 divide 312?
True
Does 32 divide 277?
False
Does 17 divide 424?
False
Does 7 divide 561?
False
Does 30 divide 14575?
False
Is 35 a factor of 924?
False
Is 9 a factor of 930?
False
Is 117 a factor of 53820?
True
Is 371 a multiple of 32?
False
Is 774 a multiple of 18?
True
Is 79 a factor of 2844?
True
Is 3 a factor of 1977?
True
Is 8 a factor of 5112?
True
Is 20 a factor of 22136?
False
Does 34 divide 3332?
True
Is 18 a factor of 3702?
False
Is 17 a factor of 1887?
True
Is 28 a factor of 4732?
True
Is 30 a factor of 972?
False
Does 14 divide 23940?
True
Is 1463 a multiple of 11?
True
Does 17 divide 2837?
False
Is 102 a factor of 4895?
False
Does 28 divide 2675?
False
Is 463 a multiple of 29?
False
Is 9 a factor of 2377?
False
Does 16 divide 21680?
True
Is 313 a multiple of 7?
False
Does 171 divide 28044?
True
Is 344 a multiple of 4?
True
Is 94 a multiple of 94?
True
Is 4590 a multiple of 34?
True
Does 15 divide 316?
False
Does 9 divide 1242?
True
Does 5 divide 77?
False
Does 4 divide 640?
True
Is 6174 a multiple of 13?
False
Does 11 divide 317?
False
Does 9 divide 16070?
False
Is 27 a factor of 1971?
True
Is 168 a multiple of 6?
True
Is 58272 a multiple of 96?
True
Is 77 a multiple of 5?
False
Does 3 divide 61?
False
Does 16 divide 89?
False
Does 121 divide 128572?
False
Does 32 divide 7872?
True
Is 580 a multiple of 20?
True
Does 9 divide 32814?
True
Does 71 divide 4945?
False
Is 26 a factor of 1192?
False
Does 8 divide 10?
False
Does 64 divide 136?
False
Is 2704 a multiple of 16?
True
Does 8 divide 880?
True
Is 96 a factor of 3072?
True
Does 67 divide 13534?
True
Is 91 a factor of 1638?
True
Does 14 divide 3570?
True
Does 138 divide 13938?
True
Is 233 a factor of 10501?
False
Is 218 a factor of 72523?
False
Is 5400 a multiple of 27?
True
Is 3 a factor of 154?
False
Does 37 divide 53095?
True
Is 720 a multiple of 30?
True
Is 3065 a multiple of 98?
False
Is 4 a factor of 123?
False
Is 11 a factor of 913?
True
Is 24 a factor of 74256?
True
Does 9 divide 17450?
False
Is 1852 a multiple of 21?
False
Is 804 a multiple of 19?
False
Does 105 divide 14700?
True
Does 56 divide 605?
False
Does 80 divide 320?
True
Is 17873 a multiple of 186?
False
Is 8341 a multiple of 111?
False
Does 245 divide 21315?
True
Does 16 divide 7152?
True
Does 30 divide 270?
True
Is 797 a multiple of 26?
False
Does 16 divide 3407?
False
Is 5475 a multiple of 134?
False
Does 48 divide 1200?
True
Does 8 divide 662?
False
Is 4803 a multiple of 6?
False
Is 3250 a multiple of 10?
True
Is 4046 a multiple of 66?
False
Is 136 a factor of 49368?
True
Is 564 a multiple of 71?
False
Is 61 a factor of 15955?
False
Is 834 a multiple of 39?
False
Is 5701 a multiple of 23?
False
Is 7 a factor of 520?
False
Does 33 divide 5410?
False
Does 21 divide 19201?
False
Does 135 divide 2295?
True
Does 91 divide 364?
True
Is 89 a factor of 9523?
True
Does 35 divide 61600?
True
Is 20687 a multiple of 74?
False
Is 27104 a multiple of 270?
False
Is 4434 a multiple of 28?
False
Is 626 a multiple of 3?
False
Is 135 a factor of 11045?
False
Is 103 a factor of 4635?
True
Is 30 a factor of 5670?
True
Is 42 a factor of 1470?
True
Is 53 a factor of 11065?
False
Is 24 a factor of 105?
False
Is 34 a factor of 26317?
False
Is 2089 a multiple of 31?
False
Does 9 divide 330?
False
Does 10 divide 176?
False
Is 3 a factor of 213?
True
Does 18 divide 11016?
True
Does 21 divide 13335?
True
Is 414 a multiple of 10?
False
Is 123 a factor of 949?
False
Does 500 divide 148692?
False
Does 52 divide 19765?
False
Is 15974 a multiple of 14?
True
Does 28 divide 28056?
True
Is 10731 a multiple of 15?
False
Is 156 a factor of 32292?
True
Is 56 a factor of 3080?
True
Does 14 divide 1529?
False
Is 47 a factor of 3129?
False
Is 28 a factor of 83372?
False
Is 34 a factor of 1335?
False
Is 810 a multiple of 15?
True
Does 23 divide 644?
True
Is 53 a factor of 2438?
True
Does 8 divide 332?
False
Does 28 divide 650?
False
Does 38 divide 1123?
False
Does 7 divide 130?
False
Is 760 a multiple of 76?
True
Does 104 divide 2511?
False
Is 519 a multiple of 19?
False
Is 114 a factor of 5130?
True
Is 13482 a multiple of 7?
True
Is 3768 a multiple of 45?
False
Is 2597 even?
False
Does 41 divide 861?
True
Is 73 a factor of 14903?
False
Is 6376 a multiple of 71?
False
Is 20 a factor of 351?
False
Is 17 a factor of 12903?
True
Is 22894 a multiple of 28?
False
Is 7 a factor of 27?
False
Does 31 divide 1498?
False
Is 17085 a multiple of 335?
True
Is 19 a factor of 513?
True
Is 22 a factor of 17864?
True
Is 653 a multiple of 4?
False
Is 1539 a multiple of 8?
False
Does 108 divide 2351?
False
Is 62 a factor of 434?
True
Is 16212 a multiple of 12?
True
Is 30 a multiple of 5?
True
Does 327 divide 49576?
False
Is 123 a factor of 46863?
True
Is 3360 a multiple of 70?
True
Is 341 a multiple of 11?
True
Is 1300 a multiple of 25?
True
Is 119 even?
False
Is 21 a factor of 2176?
False
Is 38460 a multiple of 10?
True
Is 232 a multiple of 58?
True
Does 6 divide 294?
True
Does 23 divide 207?
True
Is 28 a factor of 2056?
False
Does 16 divide 354?
False
Is 24 a factor of 436?
False
Is 5038 a multiple of 11?
True
Is 118 a factor of 13911?
False
Is 5 a factor of 127?
False
Is 2 a factor of 920?
True
Is 2 a factor of 67?
False
Is 782 a multiple of 2?
True
Is 55 a factor of 11165?
True
Is 393 a multiple of 20?
False
Is 7 a factor of 495?
False
Does 10 divide 17280?
True
Does 9 divide 857?
False
Is 21 a factor of 3662?
False
Does 23 divide 11523?
True
Is 233 a factor of 60821?
False
Does 118 divide 5664?
True
Is 17 a factor of 393?
False
Is 488 a multiple of 61?
True
Is 544 a multiple of 34?
True
Is 16714 a multiple of 61?
True
Does 23 divide 20562?
True
Does 39 divide 3612?
False
Is 16 a factor of 1376?
True
Does 13 divide 4134?
True
Does 185 divide 3912?
False
Is 21 a factor of 987?
True
Is 570 a multiple of 5?
True
Is 3265 a multiple of 42?
False
Does 69 divide 897?
True
Does 32 divide 18752?
True
Is 4464 a multiple of 16?
True
Does 20 divide 40?
True
Is 10 a factor of 8700?
True
Is 596 a multiple of 29?
False
Is 6673 a multiple of 4?
False
Does 17 divide 2844?
False
Is 19 a factor of 588?
False
Is 11727 a multiple of 60?
False
Is 34518 a multiple of 22?
True
Does 42 divide 1907?
False
Is 211 a factor of 20611?
False
Is 6916 a multiple of 38?
True
Does 54 divide 1566?
True
Is 114 a factor of 3978?
False
Does 18 divide 5520?
False
Is 23 a factor of 4738?
True
Is 37 a factor of 13542?
True
Is 4796 a multiple of 109?
True
Does 93 divide 4185?
True
Is 1216 a multiple of 38?
True
Is 6 a factor of 165?
False
Is 13797 a multiple of 15?
False
Is 24994 a multiple of 3?
False
Does 37 divide 70?
False
Does 11 divide 5214?
True
Is 258 a multiple of 3?
True
Does 36 divide 492?
False
Is 213 a multiple of 6?
False
Is 61 a factor of 1632?
False
Is 575 a multiple of 50?
False
Does 21 divide 1364?
False
Does 30 divide 90?
True
Is 6 a factor of 462?
True
Is 5 a factor of 1352?
False
Is 5428 a multiple of 13?
False
Does 5 divide 4290?
True
Is 537 a multiple of 5?
False
Is 554 a multiple of 26?
False
Is 2449 a multiple of 10?
False
Is 54 a factor of 720?
False
Does 49 divide 379?
False
Is 418 a multiple of 38?
True
Is 15660 a multiple of 10?
True
Is 8756 a multiple of 11?
True
Is 38 a factor of 1140?
True
Is 5 a factor of 1901?
False
Does 39 divide 3663?
False
Is 29 a factor of 971?
False
Is 6920 a multiple of 13?
False
Does 22 divide 258?
False
Does 40 divide 7160?
True
Is 32 a factor of 576?
True
Does 32 divide 877?
False
Is 46 a factor of 1242?
True
Is 17 a factor of 822?
False
Is 192 even?
True
Is 5 a factor of 1713?